 -877*l - 194. Let t(a) = -14*d(a) - 11*z(a). Is t(v) prime?
True
Let f(x) = -133*x + 49. Let h be f(-6). Suppose -2*n + h + 889 = 2*t, 2 = -2*n. Is t composite?
True
Let d be 2 + (2 + -1)*-1 + 2. Let k be d*(1 + 0 + 0)/3. Let z(i) = 185*i**2 + 5*i - 5. Is z(k) a composite number?
True
Suppose 2*p + 3*f = 14, 6*p = 7*p + 4*f - 17. Suppose 2*c - 6*c = -20680. Is (2 - p)/(10/c) composite?
True
Suppose -66423 - 10009 = -16*t. Suppose -t = 14*b - 21759. Is b prime?
True
Let b(q) = 200*q - 345. Let m be b(47). Suppose -1883 = 4*i - m. Is i prime?
False
Let j = 54618 + 2485. Is j composite?
True
Let v(l) = -l**2 - 13*l + 24. Let j be v(-7). Let u = j + -9. Suppose -444 + u = -3*d. Is d a composite number?
True
Let v(d) = -68697*d**3 + 6*d**2 + 8*d - 1. Is v(-2) prime?
False
Suppose -5 = -p, 0 = -7*r + 5*r - 10*p + 2956168. Is r composite?
True
Is 258180/24*164/5 + 1 a prime number?
False
Let u be (-3138)/(((-18)/(-6))/3). Let s = 5621 + u. Is s a prime number?
False
Let b(t) = -2*t**3 + 37*t**2 - 69*t + 1079. Is b(-48) a prime number?
True
Let v(q) = q**3 + 7*q**2 - 9*q - 9. Let o be v(-8). Let l(p) = 3713*p**2 + 6*p + 2. Is l(o) prime?
True
Suppose 1705349 = 5*a - 3526*q + 3527*q, -2*q - 12 = 0. Is a prime?
False
Let a(m) = -m**3 + 25*m**2 - 17*m + 5. Let b be a(18). Suppose 14*l = -b + 19649. Suppose -3*q = -4*o - 0*o - 3833, -q = -5*o - l. Is q a composite number?
False
Suppose 29946 = 4*l - 24043 - 607. Is l a prime number?
True
Let b = 4034 + -2234. Let l = -1022 + b. Is l a composite number?
True
Is (-22)/(((-8)/(-14))/(91274/(-329))) composite?
True
Let v be 8/(-6) + 2 + 76311/27. Let s = -16885 + v. Is s/(-30) - (-2)/5 a prime number?
False
Let d(b) = 303*b**3 - 69*b**2 + 836*b + 5. Is d(13) composite?
True
Suppose 570179 = 4*g - 3*x - 28330, 2*x = -5*g + 748165. Is g prime?
False
Let f(l) = -l**2 + 2*l + 2863. Suppose -5*v - 4*a = -10, -1 = -4*v + a + 7. Suppose 0*x + 8*x = -v*x. Is f(x) prime?
False
Let s = -98 - -109. Let h(l) = l**3 + 20*l + 12. Let u be h(s). Suppose 928 = 5*m + 2*b - u, -3*m - 2*b = -1493. Is m a composite number?
False
Let l = 1512 + 226. Let b be (2 - 1 - 0)*17. Suppose -b*d = -19*d + l. Is d composite?
True
Is 30/9 + 1450038/18 a prime number?
False
Suppose -20 = -4*v - g - 0*g, 2*v = 2*g + 20. Suppose q + c - 2736 = 0, 5*c + 8248 = 9*q - v*q. Is q prime?
True
Let f = 17 - 11. Suppose 3*p = n - f*n - 8, -2*p - n = -4. Suppose 3*o = -5*t + 1440, 4*t + p*o - 1139 = -o. Is t prime?
False
Let k = 394899 + -185152. Is k a prime number?
False
Let b be (22/4)/(2 + (-6)/4). Suppose -11 = -3*q - z, b*q + z = 6*q + 19. Suppose 0 = n - 3*s - 413, 4*s = q*n + 3*s - 1685. Is n prime?
False
Suppose 3575*q = 3576*q - 5. Suppose 2*d + 9436 = 2*r, -q*r - 5*d + 2*d = -23614. Is r a prime number?
True
Let o(a) = -2*a**2 + 31*a + 18. Let g be o(16). Is 334 + g/(4/6) a composite number?
False
Let v(r) = 63*r - 125. Let h(d) = 126*d - 251. Let p(j) = 4*h(j) - 9*v(j). Is p(-34) a prime number?
False
Let d = -5 - -8. Let r(n) be the second derivative of 6*n**3 + 11*n**2/2 - 146*n. Is r(d) composite?
True
Let t = -76 + 80. Let z be 3238/((-3 + t)*-1). Let j = -201 - z. Is j a composite number?
False
Let b be (25421 - -4) + 2*3/2. Suppose 0 = 15*l - 41787 - b. Is l a prime number?
True
Let r be ((-93)/(-6))/((-1)/(-94)). Suppose -5*f = -5*y + 10815, -5*y + 9342 = 3*f - r. Is y composite?
False
Let t be 18*1*(-82)/((-14)/(-7)). Let y be (-8575)/(-14)*4/2. Let u = y + t. Is u composite?
False
Let x(l) = 152*l**2 + 12*l - 427. Is x(28) prime?
False
Let r(l) = 55*l**2 + 10*l + 29. Let u be r(-7). Let z = 5511 - u. Is z a composite number?
False
Suppose 0 = y - 5*c - 84584, -3*y - 5*c + 0*c = -253732. Suppose -y = -26*b + 41131. Is b prime?
False
Let c(z) = -74*z + 2. Let y be c(2). Let q be (35938/340 + 28/10)*1*2. Let i = q + y. Is i a composite number?
False
Suppose -300*j + 12683877 = -125911744 - 51039479. Is j composite?
False
Let c(h) = 7464*h + 4175. Is c(8) a composite number?
True
Let b = 34281 + -22062. Is b a composite number?
True
Suppose 5*b - 84 = 11. Suppose -2*x - b = 5*m, -m = 5*x - 6*x + 8. Suppose -3*c + 4411 + 12736 = 4*y, -x*y + 12829 = -4*c. Is y composite?
False
Suppose -3*u = 5*z - 62, -5*z + 36 = -u - 30. Suppose a - 40978 = -z*a. Is a a prime number?
True
Let j(y) = 34*y**2 - 140*y + 441. Is j(48) composite?
True
Let z = 5573 - -277092. Is z a prime number?
False
Let o = 227216 + -66325. Is o a composite number?
True
Let y = -307219 + 611346. Is y a composite number?
False
Let h(i) = 2*i + 13. Let g be h(-9). Let p(t) = -66*t**3 - 4*t**2 - 9*t - 10. Is p(g) prime?
False
Suppose 0 = -3*d - 9, 12*r + d = 11*r + 197138. Is r prime?
False
Let a = -1942 + 4964. Let h = 4563 - a. Is h prime?
False
Let f = 107278 - -8553. Is f a composite number?
False
Suppose 0 = 21*r + 56*r - 1106085 - 7874348. Is r a prime number?
False
Let r(n) = 104*n**3 - 15*n**2 + 6*n + 22. Is r(5) a prime number?
False
Let s(p) = -88*p + 25. Suppose -3*g = g + 16. Is s(g) composite?
True
Suppose -n + 3*w - 6 - 3 = 0, -2*n = -4*w + 12. Suppose n = 2*p - 5*j - 17804 + 6068, -17629 = -3*p - 5*j. Is p composite?
True
Suppose 0 = -x - 2*x + 9. Suppose -r = -4*r - 7*r. Suppose r = x*i - 2*i - 157. Is i a prime number?
True
Let a be (172/215)/(4/(-10)). Is a - ((-69)/9 - 0)*405 prime?
False
Suppose 6*k + 93 = 111. Suppose -8338 = -k*h + 2159. Is h a prime number?
True
Let o = -1400 + -868. Let m = 7145 - o. Is m a prime number?
True
Let m(p) = p**2 + 17*p - 12. Let l be m(-15). Let s be l*((-32)/(-12) - 3). Let z(b) = -b**2 + 18*b + 6. Is z(s) a composite number?
True
Let k(p) = 12365*p + 1181. Is k(64) a prime number?
False
Suppose 7*y - 366 = 6*y. Suppose i - y = -5*a - 1333, 3*i - 2*a + 2884 = 0. Let w = i + 1371. Is w a composite number?
False
Let t be 9*1*(-8)/(-12) + -2. Suppose -4*l + 4*w + 2608 = 0, -5*l + 8*l - t*w = 1959. Is l prime?
False
Let v = -1822 + 5330. Let l = -1045 + v. Suppose 0 = -4*b - b - 4*u + l, 2*b = 5*u + 972. Is b composite?
False
Suppose 206065 = 6*b + 15*b - 5724482. Is b composite?
False
Suppose 7 = 2*l - i + 3, 0 = 3*i. Suppose -10 = -d + l*c, 3*d = -2*c - 3*c - 3. Suppose -6367 = -3*u - n, d*u = 2*u - 5*n + 4236. Is u a prime number?
False
Suppose 42*y = 25*y + 667981. Is y a prime number?
True
Let s = -76 - -83. Let t(h) = 2*h**2 - 2*h + 1. Let v(n) = -3*n**2 + n - 1. Let j(c) = -7*t(c) - 6*v(c). Is j(s) composite?
False
Suppose -5*a = 11 - 26. Suppose c + y = 922 + 338, -y = -a*c + 3776. Is c a prime number?
True
Suppose -2*k = 12*k - 56. Suppose -k*c - 1 = -o - 3*c, 3*c = -3. Suppose o*x + 5647 = x. Is x a prime number?
True
Suppose -3*d + 713610 = -3*i, 5*d - 431816 = 2*i + 757531. Is d a prime number?
False
Let u(k) = 29 - 12 + 6 + 4 + 296*k. Is u(17) composite?
False
Suppose 6 = -2*u - 0*u, -4*h - 7 = 5*u. Suppose -9*n + 5*n - 4*d = -24636, h*n - 12342 = 4*d. Is n prime?
True
Let l(s) = -3*s**3 + 3*s**2 + 12*s. Let m be l(4). Is (-4784913)/(-72) + (-2)/(m/(-6)) composite?
False
Is 484/363*(-30)/4 + 208377 a prime number?
True
Suppose 0 = -3012*j + 3015*j + 2*h - 5226955, 0 = -j - 2*h + 1742309. Is j a prime number?
False
Let z(k) = -39*k**2 - k**3 - 8*k - 43 + 0*k**2 + 20 + 3*k**3. Is z(22) a prime number?
True
Let n = -27 - -30. Let w(x) = 1990*x + 1. Is w(n) a prime number?
False
Suppose 0 = -5*g - 3*a + 723 - 117, 5*a = 4*g - 470. Let b = -122 + g. Is (674/4)/((-1)/b) composite?
False
Suppose -13505 = 5*g + 3*i, -i + 8104 = -3*g - 3*i. Let b = g + 5019. Is b a prime number?
False
Is (0 - -302)/((-172)/(-26402)) a composite number?
True
Suppose -894 - 970 = 4*b. Let u = 903 + b. Is u prime?
False
Let g be (-24)/(-9) + (-16)/(-48). Is (-509248)/(-28) + g/(-7) a composite number?
True
Suppose -199*t - 591 = -202*t. Suppose t*s = 202*s - 5035. Is s prime?
False
Let a = 28688 - 5539. Is a a prime number?
False
Suppose 66*p = 196127 + 2327045 + 3705842. Is p prime?
True
Let a(f) = 38 - 2*f + 0*f - 65. Let o be a(-14). Is 177/(o - 0)*(4 + -3) a prime number?
False
Let a be ((-2)/(-7))/((-3)/(-84)). Suppose 5*l = l - a. Is (2 + 4215/(-10))*l prime?
True
Let f = -70 + 74. Is 586*f*(-5)/(-20) a composite number?
True
Let d(x) = 43*x**3 + 3*x**2 - 1. Let m(h) = h**2 - 9*h + 20. Let q be m(6). Is d(q) composite?
True
Is (8/